 3*b, -19 = -5*l + o*b. List the prime factors of l.
7
Let t = 68 + 134. What are the prime factors of t?
2, 101
What are the prime factors of ((-3)/(-9))/((-6)/(-2952)) - -2?
2, 83
Let p(n) = 20*n + 12. What are the prime factors of p(7)?
2, 19
Let z(f) = 5*f**2 + 7*f - 2 + 0 - f**3 - 3. Let j be z(6). Suppose -c + 7 = -j. What are the prime factors of c?
2
Let o = 414 - 216. What are the prime factors of o?
2, 3, 11
Let d be 100/(-36) + 2/(-9). Let k = d + 24. Suppose -k = -2*q + 11. List the prime factors of q.
2
Suppose -4*l - 344 = -2*y, 3*y - 871 = -2*y - l. What are the prime factors of y?
2, 3, 29
Let v(t) = -t**3 + 5*t**2 - 3*t - 1. Let b be v(4). Let n(q) = 0*q**3 - 5*q**b - q - 3*q**2 + 3*q**3 - 2. What are the prime factors of n(-2)?
2
Suppose -o + 1 = -2. Let l be o/(-9)*(-1 - 14). Let y = 25 - l. List the prime factors of y.
2, 5
List the prime factors of (-186)/(-4)*4/6.
31
Suppose 6*g + 0*g = -246. Let z = -15 - g. What are the prime factors of z?
2, 13
Let u be -1 + 28 + (-5 - -8). Let i be ((-20)/25)/((-4)/u). Let p = i + -4. List the prime factors of p.
2
Let j(r) = 2*r**2 + 8*r + 3. Let u be j(-6). List the prime factors of 585/u - 2/(-6).
2, 11
Let w = 126 - 88. Suppose -7*u - 135 = -2*u. Let c = u + w. List the prime factors of c.
11
Let r = -78 - -145. List the prime factors of r.
67
Let n be 2/(-11) + 460/110. Suppose -c = n*c - 45. List the prime factors of c.
3
Suppose -4*z = -5 - 3. Suppose -4*c = -z*d + 60, -d = c - 4 - 11. Suppose 5*i = 7*i - d. List the prime factors of i.
2, 5
Suppose -17 = -2*q + 2*l - 3*l, 0 = -5*q + 2*l + 20. What are the prime factors of q?
2, 3
Suppose 0 = -z + 6*z - 1605. What are the prime factors of z?
3, 107
Let x = -160 + 238. What are the prime factors of x?
2, 3, 13
Suppose 24 = -p - 5*s, -3*p - 3*s - 20 = -8*p. Let h be 1/1 - -1*p. Suppose h*t - 19 = -7. What are the prime factors of t?
2, 3
Suppose 0 = 4*t - 2*z + 38, -2*z + 10 = -2*t - 12. Let w = t + 45. Let m = -24 + w. List the prime factors of m.
13
Suppose 9*t + 35 = 14*t. Suppose -2*m = -4*h + 48, t*h - 3*h = 3*m + 48. What are the prime factors of h?
2, 3
Suppose 2*t - 5 = k, 2*t + 3*k + 6 = -1. Let v be 8/(-2 + (5 - t)). Suppose v*j + 2 = -4*p + 6, 2*p = -6. What are the prime factors of j?
2
Let i(w) = w**2 - w + 12. Let f be i(0). Let h(t) = t - 1. What are the prime factors of h(f)?
11
Let l(m) = -m + 1. Let q be l(-1). Suppose 5*u - 58 = q. Suppose 0*c + c = u. List the prime factors of c.
2, 3
List the prime factors of (-2)/(-12) + (-1750)/(-84).
3, 7
What are the prime factors of 4/10 - (-2268)/30?
2, 19
Suppose 0*y = 5*y - 10. Let l be (-1)/2*94 - y. Let n = -32 - l. What are the prime factors of n?
17
Let n(l) = -l**3 + 23*l**2 + 55. What are the prime factors of n(23)?
5, 11
Suppose -i = 3*z - 0*z - 17, 0 = 3*z + 5*i - 37. Suppose -2*x - k - z*k = -63, 75 = 2*x + k. What are the prime factors of x?
3, 13
Let v be (-2 + 10/2)*2. Suppose 0*s + 3*s - v = 0. Let t = 12 - s. List the prime factors of t.
2, 5
Let v = 8 - 5. Suppose -5*w = u + 182, 0*u = -v*w + 4*u - 123. List the prime factors of w/(-5) + 10/(-25).
7
Let m(x) = 37*x**2 + 2*x + 2. List the prime factors of m(-1).
37
Let s be ((-2)/6)/((-1)/12). Let p be ((-6)/s)/(1/(-2)). Suppose -4*t = -2*x + x + 1, -3 = -p*t. What are the prime factors of x?
5
Let d = -45 - -96. What are the prime factors of d?
3, 17
What are the prime factors of (-55 - (1 + 0))*-1?
2, 7
Suppose -5*g - j = -80 - 72, -5*j = 2*g - 47. Suppose -4*s + 2*d + 4 = 0, -4*d + g = -0*s + 5*s. List the prime factors of s.
3
Suppose -2*v - 4 = -16. Let j = v + -2. What are the prime factors of j?
2
What are the prime factors of (-439 + 0)*2/(-10)*5?
439
Let z = 107 + -59. List the prime factors of z.
2, 3
Let x(u) be the second derivative of -5/12*u**4 + 2*u + 0 + 5/2*u**2 - 2/3*u**3 - 1/20*u**5. List the prime factors of x(-4).
5
Let n = 4 - 13. What are the prime factors of n/(-6)*(-16)/(-3)?
2
Suppose 4*b - 188 = f - 0*f, 4*b - 5*f = 172. List the prime factors of b.
2, 3
Suppose -5*t + 5*o = 10, 0*t + 2*t + 6 = 3*o. Suppose c - 2*c + 28 = t. List the prime factors of c.
2, 7
Suppose 0 = -3*u - 0*u - 4*x + 75, -3*x = 4*u - 93. Suppose 3*l - u = o, 3*l + 0 = 4*o + 12. List the prime factors of l.
2
Suppose -5*w = -4 - 6. Let h be 50/((-3)/(12/(-4))). Suppose -w*a + h = -5*g, -3*a + 2*a - 4*g - 1 = 0. What are the prime factors of a?
3, 5
Let s = 17 - 10. Let u(t) = t**2 - 5*t - 8. Let g be u(s). What are the prime factors of 3*g*12/9?
2, 3
Let h = -9 - -12. Suppose -o + 4*b - 8 = -b, h*b = -5*o + 16. Suppose -11 = -5*i + p, 0*i = o*i + 4*p. List the prime factors of i.
2
Suppose -p = f - 146, -173 = -3*p - 5*f + 267. What are the prime factors of p?
5, 29
Let q(w) = -w**2 - w + 6. Suppose 0*z - 39 = 3*z. Let k(a) = -2*a**2 - 2*a + 13. Let o(i) = z*q(i) + 6*k(i). List the prime factors of o(-4).
2, 3
Suppose -9*p + 13*p = 0. Suppose -4*j + p*j + 8 = 0. What are the prime factors of j?
2
List the prime factors of (-860)/(-4) + 1 + 2.
2, 109
Let c = 13 - 8. Suppose 18 = 2*q + c*d, -3*q + d = -5*q + 18. What are the prime factors of q?
3
Suppose -2*l + 24 = -4*c - 10, 4*l + c = 23. Suppose -5*n + 18 + l = 0. Suppose -4*b + 2*k + 52 = 0, -2*b + 7*b + n*k - 50 = 0. What are the prime factors of b?
2, 3
Suppose -y = -4, 0*y = -q + 3*y - 10. Suppose 54 = 3*n - 0*n. Suppose 0 = a - 3*i - n, -3*a + q*i = -54. What are the prime factors of a?
2, 3
Let j(u) be the third derivative of -u**5/60 - 3*u**4/8 + 11*u**3/6 - 2*u**2. What are the prime factors of j(-9)?
11
Let g(c) = c**3 + 2*c + 43. List the prime factors of g(0).
43
Let f = 6 - 15. Let v = 16 + f. What are the prime factors of v?
7
Let j be 0/3 - -2 - -1. Let v be j + 1*(3 - 5). Let g = 10 + v. List the prime factors of g.
11
Let p(h) = -h - 5. Let t(y) = y**2 - 8*y + 5. Let j be t(6). Let z be p(j). Suppose -z*f + f = -13. List the prime factors of f.
13
Let u = -1 + 16. Suppose -6*l + u = -l. List the prime factors of l.
3
Suppose p + p = -3*k - 5, 9 = -5*p - 4*k. List the prime factors of 2/((0 + p)/(-1)).
2
Let z be ((-1)/2)/((-1)/6). Suppose 0 = -4*f - 2*k + 26, z*k = f + 2*k + 1. Suppose f*q + b - 14 = 3*b, 3*q - 13 = b. List the prime factors of q.
2, 3
Let o = 11 + -7. Let k be (-318)/(-8) - (-1)/o. Suppose 26 = m - 4*c, -5*m - 3*c = -5*c - k. List the prime factors of m.
2, 3
Suppose -2*i + 101 = 3*i - 4*h, 5*h = i - 37. List the prime factors of i.
17
Let d = -8 - -13. Suppose -2*r - 4 = -2*b - 6*r, -d*b = -5*r - 10. List the prime factors of b.
2
Suppose 5*z + 31 = 4*x, -3*x - 6*z = -2*z. Suppose 0*q = -x*q + 28. What are the prime factors of q?
7
Let i = 6 + 55. List the prime factors of i.
61
List the prime factors of (-159)/(-5) - (-20)/(-25).
31
Let f(g) be the first derivative of g**3/3 + 4*g**2 - 6*g + 6. Suppose 14 = -2*c - 6. List the prime factors of f(c).
2, 7
Let r = 6 - -69. What are the prime factors of r?
3, 5
Let p = -27 - -54. What are the prime factors of p?
3
Suppose -5*j + u + 593 = -489, 5*u = 4*j - 874. Suppose 4*g - 160 = g + o, -4*g + j = -2*o. What are the prime factors of g?
2, 13
Let c be -1 - -3*1 - 2. Let y(a) = a**3 + a + 3. List the prime factors of y(c).
3
Suppose l = 8*l - 378. What are the prime factors of l?
2, 3
Suppose 12 + 6 = 3*c. What are the prime factors of (-104)/(-6) - 2/c?
17
Suppose 14*l = 10*l. Let o = 27 + l. List the prime factors of o.
3
Suppose -14 = -i + 4*v, 0 = -i - 2*v - 4. Suppose -3*y + 2 = -i*y. What are the prime factors of y?
2
Let q = -37 - -73. List the prime factors of q.
2, 3
Suppose y = -4*y + 10. Let k be ((-46)/4)/((-1)/y). Suppose 0 = -2*b - 0 - 2, 0 = 5*x + 2*b - k. List the prime factors of x.
5
Let p(r) = -r**3 + 5*r**2 + 2*r - 5. Let s be p(5). Suppose -d = -s*k - 88, 6 = -k + 3*d - 6. Let m = -13 - k. List the prime factors of m.
5
Let m(c) = -c**3 + 3*c**2 + c - 1. Let d(q) = -q**3 + 6*q**2 - q + 1. Let p be d(6). Let k = -3 - p. List the prime factors of m(k).
5
Let k(m) = -6*m**2 - m - 4. Let q be k(-5). List the prime factors of (-12)/42 + q/(-7).
3, 7
Let l = 22 - 45. Let c = l + 38. What are the prime factors of c?
3, 5
Suppose -5*u = -3*f + 5*f - 935, 0 = 2*u + 4*f - 390. What are the prime factors of u?
5, 37
Let f(s) = -s - 2. Let y(c) = -3*c + 1. Let l